o + 111 = 0. Suppose 0 = -4*y + z + 294, 6*y - 150 = 4*y - z. Let m = 111 - y. Calculate the greatest common divisor of m and o.
37
Suppose -68*x = -77*x - 4770. Let p = x + 588. What is the highest common divisor of 87 and p?
29
Let y be (1 - 2) + 0 - (-7 - -3). Let x be (-340)/(-4) - (-4)/8*(9 - 5). Calculate the greatest common factor of y and x.
3
Let q = 13703 - 13693. Calculate the greatest common divisor of q and 435.
5
Suppose -13249 = 24*x - 26*x - 3*t, -5*x = 2*t - 33106. Calculate the greatest common divisor of 40 and x.
20
Let v = 584 + 137. Calculate the greatest common divisor of 824 and v.
103
Let p = -1122 + 2024. Let t = p + -637. Calculate the greatest common factor of 5 and t.
5
Suppose -4*r + 9130 = 4*n - 36162, -n - 4*r = -11317. What is the highest common divisor of n and 75?
75
Let l = -191 + 323. Let s = l + 2. Suppose -3*m + s = 35. What is the highest common factor of 33 and m?
33
Let a = -3563 - -3848. Calculate the highest common factor of 57 and a.
57
Let k(z) = 223*z + 2017. Let h be k(-5). Calculate the highest common factor of h and 506.
22
Let i(g) = g**2 + 15*g + 86. Let s be i(-11). What is the greatest common divisor of s and 854?
14
Let s(f) = 7*f**3 - 5*f**2 + 4*f. Let n be s(3). Let g = -1908 + 694. Let x = -1175 - g. Calculate the greatest common divisor of x and n.
39
Let j = -4 - -6. Let p = 760 + -760. Suppose -47 = -j*f + 5*m, 2*m = 5*f - 65 - p. Calculate the highest common divisor of 88 and f.
11
Let y be ((-17)/(-119))/((-1)/(-2639)). What is the greatest common divisor of y and 26?
13
Let q be (-1377)/(-36)*4/1. Let v(t) = -357*t**3 + t**2 + 4*t + 3. Let f be v(-1). Calculate the greatest common factor of f and q.
51
Suppose -7*s = 63 - 308. Let g be (-7)/(-5) - (-21)/s. What is the highest common factor of g and 1?
1
Suppose -4*c + 5*u + 8425 = 0, -666*c + 665*c = 3*u - 2136. Calculate the greatest common factor of 135 and c.
45
Let y = -10777 - -11773. Calculate the greatest common divisor of 84 and y.
12
Let m be 432/(-81) - (-2 + 3)/(-3) - -34. What is the highest common divisor of 899 and m?
29
Let j = 7414 - 7300. What is the highest common factor of j and 111?
3
Let l = -18739 - -18768. Calculate the greatest common factor of l and 41064.
29
Suppose 0 = 5*r + 5*l - 920, -3092*l + 3093*l = r - 180. What is the greatest common factor of 2639 and r?
91
Let a be 12/7 - (-7)/(-49)*-2. Let q be a/(-5 - (5 + (-7566)/756)). Let z(v) = -27*v + 1. Let w be z(-1). Calculate the greatest common divisor of w and q.
28
Let b(t) = -2*t**3 - 15*t**2 + 8*t + 24. Let a be b(-8). What is the greatest common factor of 288 and a?
24
Suppose -48425 - 3153 = 2379*c - 2396*c. Calculate the greatest common factor of c and 814.
74
Let o be (-12702)/(-292)*(-2)/(-6)*-2*-52. Calculate the greatest common divisor of 8 and o.
4
Suppose -43*y + 24*y + 38 = 0. Suppose 4*g + y*v = 838, 4*g + 13*v - 14*v = 823. What is the highest common factor of g and 9?
9
Let m = -254 + 484. Suppose -5*p - 1073*w + 78 = -1075*w, 0 = -4*p + 3*w + 47. What is the highest common divisor of p and m?
10
Let a(o) = 1927*o**2 - 27*o - 2. Let t be a(3). What is the highest common divisor of 20 and t?
20
Let h(n) = n**2 - 26*n - 2. Let r be h(37). Let g = r + -385. What is the highest common divisor of 30 and g?
10
Let p be (85/(-51))/((-14)/7 + 10/6). Suppose 5*o - 7 = 38. Let j be 183/o - 2/6. Calculate the highest common factor of p and j.
5
Let k(o) = 2*o**3 + o**2 - 19*o + 18. Let r be k(3). Let h = r - -221. Calculate the highest common divisor of 49 and h.
49
Suppose -2*i = -2*c - 264, i + 255 = 3*i - 5*c. Let n(v) = -2*v**3 - 39*v**2 + 7*v - 44. Let k be n(-20). Calculate the greatest common divisor of i and k.
27
Let h(g) = 26*g**2 + 185*g + 6362. Let r be h(-32). Calculate the greatest common factor of 13 and r.
13
Suppose k - 4*j = -3 + 9, -3*j - 21 = 2*k. Let m be k/(-21) + 122/14. Let n be (12/(-9))/(m/(-81)). What is the greatest common factor of n and 12?
12
Let d = 6642 - 5154. Calculate the highest common divisor of 8 and d.
8
Suppose -7*y + 4*t + 80 = 0, -18*y - 4*t = -16*y + 8. Let a = -129 - -193. Calculate the highest common factor of y and a.
8
Let z(j) = 2*j**2 + 236 - 2*j + 3*j**2 - 231. Suppose 0 = 3*l - 1 - 11. Let v be z(l). What is the highest common divisor of 7 and v?
7
Let y be (-66)/((17/85)/(92/(-30))). Suppose t + 927 = y. Let j be -1 + -1 - (-19 - 0). What is the greatest common factor of t and j?
17
Let r be ((-52)/91)/(7*(-3)/7938). Calculate the greatest common divisor of 2574 and r.
18
Let x be (928/(-64) + (-2 - 5))*-2. Calculate the highest common factor of x and 5977.
43
Suppose -244 = -5*j + 411. Suppose -3*z - u = -127, -u = 3*z + 4*u - j. What is the greatest common divisor of z and 231?
21
Let x be 2/(-17) + 3696/204. Calculate the highest common factor of 15534 and x.
18
Let a be (-18)/(-3)*(8/6)/((-8)/(-11364)). Calculate the highest common factor of 12 and a.
12
Let w(x) be the first derivative of -x**4/4 - 19*x**3/3 - 3*x**2/2 - 26*x - 75. Let g be w(-19). What is the greatest common factor of 217 and g?
31
Let a be -7 - (68/(-6) + (-100)/(-75)). Let v(c) = 2*c**2 + c. Suppose 4*p - 12 + 0 = 0. Let s be v(p). What is the greatest common factor of a and s?
3
Suppose -13*q + 734 - 2229 = 0. Let v = q + 155. Let d be 42/(1 - -1) + 3. What is the greatest common divisor of d and v?
8
Let s be (96/(-14))/2*(-7)/1. Suppose -n = 2*n - 15. Suppose n*j = 5 + 75. What is the highest common divisor of s and j?
8
Let w(v) = v**3 - 8*v**2 - 25*v + 17. Let l(y) = -8*y - 93. Let i be l(-13). Let r be w(i). Calculate the highest common divisor of 30 and r.
15
Let h = 34 - 30. Suppose -5*j + 0 = -2*m + 4, -2*j - h*m = -8. Suppose 5*f + 12 = s + 10*f, j = f. What is the highest common divisor of 48 and s?
12
Let n = -72 + 288. Let j = n - 61. Suppose -2*m + 5*o + 105 = 0, -2*m - o = 2*m - j. Calculate the highest common factor of 16 and m.
8
Suppose 2*h + 112 = 6*h. Let v(s) = 21*s + 413. Let u be v(-11). What is the highest common factor of h and u?
14
Let t(k) = -26*k + 137. Let n(i) = -3*i + 17. Let g(u) = 51*n(u) - 6*t(u). Let b be g(35). What is the greatest common factor of 250 and b?
50
Suppose 1099 = 4*x + 91. Suppose 12 = 4*o, 5*p + 3*o - 105 = -2*o. What is the highest common divisor of x and p?
18
Let z be (-22)/110 + (-3249)/(-45). Calculate the highest common factor of z and 1251.
9
Suppose 4*g + g + 15 = 0. Let u be (70 - -8) + (-6)/g. Let m be 11/(22/u) + 0. Calculate the greatest common divisor of 10 and m.
10
Let w(d) = 4*d**2 - 85*d - 59. Let v be w(22). Suppose -3*a - 3*y = -663, 4*a - 893 = -v*y + 6*y. What is the highest common factor of a and 28?
28
Let d(t) = 7 - 6*t**2 + t**3 + 9 + 3*t - 4. Let o be d(5). Let y be o/(-6) + 4496/24. What is the highest common factor of y and 17?
17
Suppose n = 5*d - 42, 16*n - 4*d - 221 = 19*n. Let u = 71 + n. Calculate the greatest common divisor of 54 and u.
2
Let f(w) = 4*w + 30. Let d be f(7). Suppose 73 = 2*c + 3*c + a, -a = 4*c - d. Suppose p - c - 7 = 0. What is the highest common factor of p and 154?
22
Let r(b) = -b**2 - 21*b + 14. Let m be r(-22). Let z = m - -30. Suppose z = 4*j - 3*j. Calculate the highest common divisor of j and 22.
22
Let u be -1*4*115/(-20) + -2. Let k be (9/u - (-2318)/14)*-1. Let h = -58 - k. What is the highest common factor of h and 36?
36
Let n = -75 - -157. Suppose 0 = 5*v - n + 2. What is the highest common factor of v and 256?
16
Let x be ((-7)/6 - 17/(-34))*(-60 - 0). What is the highest common divisor of 4280 and x?
40
Suppose -2*a - 5*i + 108 = -257, 5*i = 5*a - 895. Suppose a = 5*q - q. Calculate the greatest common factor of 27 and q.
9
Let q = 53 - 27. Let a = 21 - q. Let v(g) = -9*g + 13. Let f be v(a). Calculate the greatest common factor of 29 and f.
29
Let k = 1 + 1. Let o be (3 - 4 - -7) + 2. Let h be 90/21 + o/(-28)*1. Calculate the highest common factor of h and k.
2
Let k be (0 + -14 - 2)*10/4. Let l be (34 + k)/(62/(-28) - -2). Calculate the highest common factor of l and 7.
7
Let p be (27 + (6 - 960))/(-1). Calculate the greatest common divisor of p and 4841.
103
Let w = -5 + 13. Let a(l) be the second derivative of -l**4/12 + 11*l**3/6 + 10*l**2 - 88*l. Let r be a(11). What is the highest common d